{"id":16,"date":"2024-06-18T18:43:26","date_gmt":"2024-06-18T18:43:26","guid":{"rendered":"https:\/\/en.ojear.es\/blog\/?page_id=16"},"modified":"2024-06-21T12:17:52","modified_gmt":"2024-06-21T12:17:52","slug":"cookies-policy","status":"publish","type":"page","link":"https:\/\/en.ojear.es\/blog\/cookies-policy\/","title":{"rendered":"Cookie Policy"},"content":{"rendered":"<p>A cookie is a small text file that is stored in your browser when you visit almost any web page. Its usefulness is that the web is able to remember your visit when you return to browse that page. Cookies usually store technical information, personal preferences, personalization of content, usage statistics, links to social networks, access to user accounts, etc.. The purpose of the cookie is to adapt the content of the web to your profile and needs, without cookies the services offered by any page would be significantly diminished. If you want to <a href=\"https:\/\/en.ojear.es\/blog\/effective-study-techniques-to-boost-learning-and-retention\/\">learn<\/a> more about what cookies are, what they store, how to delete them, disable them, etc., please contact us, <a href=\"https:\/\/en.ojear.es\/blog\/cookies-policy\/\">please refer to this link.<\/a><\/p>\n<h2>Cookies used on this website<\/h2>\n<p>Following the guidelines of the <a href=\"https:\/\/en.ojear.es\/blog\/spanish-basics-essential-vocabulary-and-phrases-for-everyday-conversations\/\">Spanish<\/a> Data Protection Agency we proceed to detail the use of cookies that makes this website in order to inform you as accurately as possible.<\/p>\n<p>This website uses the following own <strong>cookies<\/strong>:<\/p>\n<ul>\n<li>Session cookies, to ensure that users who write comments on the blog are human and not automated applications. This way we fight spam.<\/li>\n<\/ul>\n<p>This website uses the following <strong>third-party cookies<\/strong>:<\/p>\n<ul>\n<li>Google Analytics: Stores cookies to compile statistics on traffic and volume of visits to this website. By using this website you are consenting to the processing of information about you by Google. Therefore, the exercise of any rights in this regard should do so by communicating directly with Google.<\/li>\n<li>Social networks: Each social network uses its own cookies so that you can click on buttons such as Like or Share.<\/li>\n<\/ul>\n<h2>Deactivation or deletion of cookies<\/h2>\n<p>You may exercise your right to deactivate or delete cookies from this website at any time. These actions are performed differently depending on the browser you are using. Here is a quick guide for the most popular browsers. <a href=\"https:\/\/en.ojear.es\/blog\/?page_id=15#navegadores\">Aqu\u00ed le dejamos una gu\u00eda r\u00e1pida para los navegadores m\u00e1s populares<\/a>.<\/p>\n<h2>Additional notes<\/h2>\n<ul>\n<li>Neither this website nor its legal representatives are responsible for the content or the veracity of the privacy policies that third parties mentioned in this cookie policy may have.<\/li>\n<li>Web browsers are the tools responsible for storing cookies and from this place you must carry out your right to delete or disable them. Neither this website nor its legal representatives can guarantee the correct or incorrect handling of cookies by the aforementioned browsers.<\/li>\n<li>In some cases it is necessary to install cookies so that the browser does not forget your decision not to accept them.<\/li>\n<li>En el caso de las <em>cookies<\/em> de Google Analytics, esta empresa almacena las <em>cookies<\/em> en servidores ubicados en Estados Unidos y se compromete a no compartirla con terceros, excepto en los casos en los que sea necesario para el funcionamiento del sistema o cuando la ley obligue a tal efecto. Seg\u00fan Google no guarda su direcci\u00f3n IP. Google Inc. es una compa\u00f1\u00eda adherida al Acuerdo de Puerto Seguro que garantiza que todos los datos transferidos ser\u00e1n tratados con un nivel de protecci\u00f3n acorde a la normativa europea. Puede consultar informaci\u00f3n detallada a este respecto <a href=\"http:\/\/safeharbor.export.gov\/companyinfo.aspx?id=16626\" target=\"_blank\" rel=\"noopener\">en este enlace<\/a>. Si desea informaci\u00f3n sobre el uso que Google da a las cookies <a href=\"https:\/\/developers.google.com\/analytics\/devguides\/collection\/analyticsjs\/cookie-usage?hl=es&amp;csw=1\" target=\"_blank\" rel=\"noopener\">le adjuntamos este otro enlace<\/a>.<\/li>\n<li>Para cualquier duda o consulta acerca de esta pol\u00edtica de <em>cookies<\/em> no dude en comunicarse con nosotros a trav\u00e9s de la secci\u00f3n de contacto.<\/li>\n<\/ul>\n","protected":false},"excerpt":{"rendered":"<p>A cookie is a small text file that is stored in your browser when you visit almost any web page. Its usefulness is that the web is able to remember your visit when you return to browse that page. Cookies usually store technical information, personal preferences, personalization of content, usage statistics, links to social networks, &#8230; <a title=\"Cookie Policy\" class=\"read-more\" href=\"https:\/\/en.ojear.es\/blog\/cookies-policy\/\" aria-label=\"Read more about Cookie Policy\">Read more<\/a><\/p>\n","protected":false},"author":1,"featured_media":0,"parent":0,"menu_order":0,"comment_status":"closed","ping_status":"closed","template":"","meta":{"footnotes":""},"class_list":["post-16","page","type-page","status-publish"],"yoast_head":"<!-- This site is optimized with the Yoast SEO plugin v27.4 - https:\/\/yoast.com\/product\/yoast-seo-wordpress\/ -->\n<title>Cookie Policy - Ojear<\/title>\n<meta name=\"robots\" content=\"index, follow, max-snippet:-1, max-image-preview:large, max-video-preview:-1\" \/>\n<link rel=\"canonical\" href=\"https:\/\/en.ojear.es\/blog\/cookies-policy\/\" \/>\n<meta property=\"og:locale\" content=\"en_US\" \/>\n<meta property=\"og:type\" content=\"article\" \/>\n<meta property=\"og:title\" content=\"Cookie Policy - Ojear\" \/>\n<meta property=\"og:description\" content=\"A cookie is a small text file that is stored in your browser when you visit almost any web page. Its usefulness is that the web is able to remember your visit when you return to browse that page. Cookies usually store technical information, personal preferences, personalization of content, usage statistics, links to social networks, ... Read more\" \/>\n<meta property=\"og:url\" content=\"https:\/\/en.ojear.es\/blog\/cookies-policy\/\" \/>\n<meta property=\"og:site_name\" content=\"Ojear\" \/>\n<meta property=\"article:modified_time\" content=\"2024-06-21T12:17:52+00:00\" \/>\n<meta name=\"twitter:card\" content=\"summary_large_image\" \/>\n<meta name=\"twitter:label1\" content=\"Est. reading time\" \/>\n\t<meta name=\"twitter:data1\" content=\"3 minutes\" \/>\n<script type=\"application\/ld+json\" class=\"yoast-schema-graph\">{\"@context\":\"https:\\\/\\\/schema.org\",\"@graph\":[{\"@type\":\"WebPage\",\"@id\":\"https:\\\/\\\/en.ojear.es\\\/blog\\\/cookies-policy\\\/\",\"url\":\"https:\\\/\\\/en.ojear.es\\\/blog\\\/cookies-policy\\\/\",\"name\":\"Cookie Policy - Ojear\",\"isPartOf\":{\"@id\":\"https:\\\/\\\/en.ojear.es\\\/blog\\\/#website\"},\"datePublished\":\"2024-06-18T18:43:26+00:00\",\"dateModified\":\"2024-06-21T12:17:52+00:00\",\"breadcrumb\":{\"@id\":\"https:\\\/\\\/en.ojear.es\\\/blog\\\/cookies-policy\\\/#breadcrumb\"},\"inLanguage\":\"en\",\"potentialAction\":[{\"@type\":\"ReadAction\",\"target\":[\"https:\\\/\\\/en.ojear.es\\\/blog\\\/cookies-policy\\\/\"]}]},{\"@type\":\"BreadcrumbList\",\"@id\":\"https:\\\/\\\/en.ojear.es\\\/blog\\\/cookies-policy\\\/#breadcrumb\",\"itemListElement\":[{\"@type\":\"ListItem\",\"position\":1,\"name\":\"Home\",\"item\":\"https:\\\/\\\/en.ojear.es\\\/blog\\\/\"},{\"@type\":\"ListItem\",\"position\":2,\"name\":\"Cookie Policy\"}]},{\"@type\":\"WebSite\",\"@id\":\"https:\\\/\\\/en.ojear.es\\\/blog\\\/#website\",\"url\":\"https:\\\/\\\/en.ojear.es\\\/blog\\\/\",\"name\":\"Ojear.es\",\"description\":\"\",\"publisher\":{\"@id\":\"https:\\\/\\\/en.ojear.es\\\/blog\\\/#\\\/schema\\\/person\\\/72a53e92289882574d020bea9b4d8f02\"},\"potentialAction\":[{\"@type\":\"SearchAction\",\"target\":{\"@type\":\"EntryPoint\",\"urlTemplate\":\"https:\\\/\\\/en.ojear.es\\\/blog\\\/?s={search_term_string}\"},\"query-input\":{\"@type\":\"PropertyValueSpecification\",\"valueRequired\":true,\"valueName\":\"search_term_string\"}}],\"inLanguage\":\"en\"},{\"@type\":[\"Person\",\"Organization\"],\"@id\":\"https:\\\/\\\/en.ojear.es\\\/blog\\\/#\\\/schema\\\/person\\\/72a53e92289882574d020bea9b4d8f02\",\"name\":\"admin\",\"image\":{\"@type\":\"ImageObject\",\"inLanguage\":\"en\",\"@id\":\"https:\\\/\\\/en.ojear.es\\\/blog\\\/wp-content\\\/uploads\\\/2024\\\/06\\\/cropped-cropped-logo.png\",\"url\":\"https:\\\/\\\/en.ojear.es\\\/blog\\\/wp-content\\\/uploads\\\/2024\\\/06\\\/cropped-cropped-logo.png\",\"contentUrl\":\"https:\\\/\\\/en.ojear.es\\\/blog\\\/wp-content\\\/uploads\\\/2024\\\/06\\\/cropped-cropped-logo.png\",\"width\":350,\"height\":70,\"caption\":\"admin\"},\"logo\":{\"@id\":\"https:\\\/\\\/en.ojear.es\\\/blog\\\/wp-content\\\/uploads\\\/2024\\\/06\\\/cropped-cropped-logo.png\"},\"sameAs\":[\"https:\\\/\\\/en.ojear.es\\\/blog\"]}]}<\/script>\n<!-- \/ Yoast SEO plugin. -->","yoast_head_json":{"title":"Cookie Policy - Ojear","robots":{"index":"index","follow":"follow","max-snippet":"max-snippet:-1","max-image-preview":"max-image-preview:large","max-video-preview":"max-video-preview:-1"},"canonical":"https:\/\/en.ojear.es\/blog\/cookies-policy\/","og_locale":"en_US","og_type":"article","og_title":"Cookie Policy - Ojear","og_description":"A cookie is a small text file that is stored in your browser when you visit almost any web page. Its usefulness is that the web is able to remember your visit when you return to browse that page. Cookies usually store technical information, personal preferences, personalization of content, usage statistics, links to social networks, ... Read more","og_url":"https:\/\/en.ojear.es\/blog\/cookies-policy\/","og_site_name":"Ojear","article_modified_time":"2024-06-21T12:17:52+00:00","twitter_card":"summary_large_image","twitter_misc":{"Est. reading time":"3 minutes"},"schema":{"@context":"https:\/\/schema.org","@graph":[{"@type":"WebPage","@id":"https:\/\/en.ojear.es\/blog\/cookies-policy\/","url":"https:\/\/en.ojear.es\/blog\/cookies-policy\/","name":"Cookie Policy - Ojear","isPartOf":{"@id":"https:\/\/en.ojear.es\/blog\/#website"},"datePublished":"2024-06-18T18:43:26+00:00","dateModified":"2024-06-21T12:17:52+00:00","breadcrumb":{"@id":"https:\/\/en.ojear.es\/blog\/cookies-policy\/#breadcrumb"},"inLanguage":"en","potentialAction":[{"@type":"ReadAction","target":["https:\/\/en.ojear.es\/blog\/cookies-policy\/"]}]},{"@type":"BreadcrumbList","@id":"https:\/\/en.ojear.es\/blog\/cookies-policy\/#breadcrumb","itemListElement":[{"@type":"ListItem","position":1,"name":"Home","item":"https:\/\/en.ojear.es\/blog\/"},{"@type":"ListItem","position":2,"name":"Cookie Policy"}]},{"@type":"WebSite","@id":"https:\/\/en.ojear.es\/blog\/#website","url":"https:\/\/en.ojear.es\/blog\/","name":"Ojear.es","description":"","publisher":{"@id":"https:\/\/en.ojear.es\/blog\/#\/schema\/person\/72a53e92289882574d020bea9b4d8f02"},"potentialAction":[{"@type":"SearchAction","target":{"@type":"EntryPoint","urlTemplate":"https:\/\/en.ojear.es\/blog\/?s={search_term_string}"},"query-input":{"@type":"PropertyValueSpecification","valueRequired":true,"valueName":"search_term_string"}}],"inLanguage":"en"},{"@type":["Person","Organization"],"@id":"https:\/\/en.ojear.es\/blog\/#\/schema\/person\/72a53e92289882574d020bea9b4d8f02","name":"admin","image":{"@type":"ImageObject","inLanguage":"en","@id":"https:\/\/en.ojear.es\/blog\/wp-content\/uploads\/2024\/06\/cropped-cropped-logo.png","url":"https:\/\/en.ojear.es\/blog\/wp-content\/uploads\/2024\/06\/cropped-cropped-logo.png","contentUrl":"https:\/\/en.ojear.es\/blog\/wp-content\/uploads\/2024\/06\/cropped-cropped-logo.png","width":350,"height":70,"caption":"admin"},"logo":{"@id":"https:\/\/en.ojear.es\/blog\/wp-content\/uploads\/2024\/06\/cropped-cropped-logo.png"},"sameAs":["https:\/\/en.ojear.es\/blog"]}]}},"_links":{"self":[{"href":"https:\/\/en.ojear.es\/blog\/wp-json\/wp\/v2\/pages\/16","targetHints":{"allow":["GET"]}}],"collection":[{"href":"https:\/\/en.ojear.es\/blog\/wp-json\/wp\/v2\/pages"}],"about":[{"href":"https:\/\/en.ojear.es\/blog\/wp-json\/wp\/v2\/types\/page"}],"author":[{"embeddable":true,"href":"https:\/\/en.ojear.es\/blog\/wp-json\/wp\/v2\/users\/1"}],"replies":[{"embeddable":true,"href":"https:\/\/en.ojear.es\/blog\/wp-json\/wp\/v2\/comments?post=16"}],"version-history":[{"count":5,"href":"https:\/\/en.ojear.es\/blog\/wp-json\/wp\/v2\/pages\/16\/revisions"}],"predecessor-version":[{"id":30,"href":"https:\/\/en.ojear.es\/blog\/wp-json\/wp\/v2\/pages\/16\/revisions\/30"}],"wp:attachment":[{"href":"https:\/\/en.ojear.es\/blog\/wp-json\/wp\/v2\/media?parent=16"}],"curies":[{"name":"wp","href":"https:\/\/api.w.org\/{rel}","templated":true}]}}